+ 550. Let p(a) = -a**3 - 9*a**2 + 2*a - 11. Calculate p(i).
-29
Let i(b) = 2*b**2 + 6*b - 5. Let d be i(2). Suppose 18*n - 13*n = d. Let k(j) = j**3 - 2*j**2 - 5*j + 3. Give k(n).
-3
Let l(v) = -v + 8. Suppose -r - 5*s - 5 = 0, -2*r - 5 = -0*r + 5*s. Suppose -j - 2*j - 2*j = r. Calculate l(j).
8
Suppose -p = p - 6. Let c(s) = 4*s**2 - 4*s - 1. Let q(m) = 7*m**2 - 7*m - 3. Let a = -10 - -15. Let z(i) = a*c(i) - 3*q(i). Give z(p).
-2
Let r(i) = 2*i + 12. Let a(y) = -2*y - 20. Suppose -2*m = d + 13, -5*m - 2*d - 27 = -5*d. Let j be a(m). Calculate r(j).
-4
Let r be 8/(-14)*(-7)/2. Let l = 3 - 3. Let m(u) = u + l*u - r*u. What is m(0)?
0
Let x(m) = m**2 + m. Let a(c) = 6*c**2 + 9*c. Let t(v) = a(v) - 5*x(v). Let j be (-1 + (-20)/(-12))*45. Let r be (4/(-8))/(3/j). Calculate t(r).
5
Let y(b) = -b - 27. Let x be y(-18). Let o(j) = -j**3 - 8*j**2 + 12*j + 10. Calculate o(x).
-17
Let q(u) = -u**2 + 30*u - 114. Let h be q(25). Let m(l) = l**2 - 14*l - 11. Determine m(h).
-44
Let z(h) = -2*h + h + 2*h - 4 + 2. Let a(j) = j**2 - 2*j + 2. Let v be a(3). Suppose 3*u + 2 = v*u. Give z(u).
-1
Let j(g) = -3*g - 4. Let z(t) = t. Let f(u) = -u + 5. Let y(x) = -f(x) - 6*z(x). Let c(w) = -3*j(w) + 2*y(w). What is c(-8)?
10
Let i = -39 + 36. Let s be (3 - 8/4)/((-3)/i). Let h(w) = -w**3 - w**2 + w - 1. Determine h(s).
-2
Suppose 3*a - 5*a = -3*d - 4, 7 = a + d. Suppose -a*m = x - 2, -2 = m - x - 0. Let t(r) = m*r + 8 + r + 5. Give t(-6).
7
Suppose i = -3*i - 12, -5*m + 4*i = -42. Suppose -4*y + 7*y = m. Let w(q) be the first derivative of -q**4/4 + q**3/3 - q**2/2 + q + 7. Calculate w(y).
-5
Let b(x) = -3*x**2 + 3. Let g(u) = 2*u**2 + u - 4. Let i(l) = 3*b(l) + 2*g(l). Determine i(-1).
-6
Let j(k) be the first derivative of -k**4/4 + 5*k**3/3 + 17*k**2/2 - 13*k + 549. Calculate j(7).
8
Let m(l) = l**3 + l**2 - l + 5. Let q(x) = -x**3 + 15*x**2 - 3*x + 42. Let t be q(15). What is m(t)?
-10
Let h(z) = z**2 + 5*z + 6. Let w be h(-6). Let y = w + -6. Let m = y + 0. Let j(f) = f**2 - 7*f. Determine j(m).
-6
Let o(a) = -a**2 - 6*a - 8. Suppose -6 = -v - 4*t - 12, -3*v - 18 = -4*t. Calculate o(v).
-8
Let h(i) = -i. Suppose -5*z + 3*z - 30 = -4*y, 2*z = -y - 15. What is h(z)?
9
Let h(r) = 2*r + 6. Let t be 1972/119 - 6/(-14). Suppose 4*o = 3*z - 25, -5*o + 0*z = z + t. Determine h(o).
-2
Let g be 2 + -12 + 2 + 2. Let p(t) be the second derivative of -t**6/720 - t**5/60 - 2*t**4/3 - 10*t. Let a(i) be the third derivative of p(i). Calculate a(g).
4
Let x = -6 - -9. Let k(u) be the second derivative of 0 + 1/2*u**2 + 1/12*u**4 - 4*u - 1/6*u**x. Give k(3).
7
Let w(c) = -c**3 + 5*c**2 + 8*c + 8. Suppose -11*p + 2 = 13. Let o(i) = i. Suppose 0 = -2*k + 8 - 0. Let h(x) = k*o(x) + p*w(x). Determine h(6).
4
Let o(z) be the third derivative of -z**5/60 + z**4/6 + z**3 + 2*z**2. Suppose -6*c = -13 + 1. Let y be 2/(-4)*c - (-63)/9. Calculate o(y).
-6
Let z(m) be the third derivative of m**7/2520 + m**6/240 - m**5/10 - 8*m**2. Let i(t) be the third derivative of z(t). Give i(-4).
-5
Let j be (10 - 3) + 7 + -12 + 3. Let p(i) = i**2 + 3*i - 2. Let v be p(-4). Let m(g) = 7 + g**2 - 6*g + v*g - 3*g. What is m(j)?
-3
Let a(w) = w - 1. Let o(g) be the first derivative of 2*g**2 - 9*g - 35. Let h(k) = 6*a(k) - 2*o(k). Give h(8).
-4
Let h be (8/(-24))/(2*(-1)/18). Suppose -2 = -s, 3*x + 2*x + 3*s = 46. Suppose -h*o + x = -7. Let m(g) = -g + 8. What is m(o)?
3
Let b(k) = 3*k - 8. Let x(v) = -4*v + 9. Let u(l) = 5*b(l) + 4*x(l). Calculate u(4).
-8
Suppose -10*w + 7*w = -9. Suppose 4*x - 4*u = -0*u - 36, 0 = -w*x - 5*u - 3. Let z(m) = -m**2 - 9*m - 2. Calculate z(x).
16
Let x(l) = l**2 - 6*l + 2. Suppose -3*m + m = k - 12, 19 = 5*m - 3*k. Let a be 138/m - 2/(-5). Let h = -24 + a. Calculate x(h).
-6
Let s(a) = -a**3 - a + 1. Let w = -81 + 149. Let u = w + -67. What is s(u)?
-1
Let o(n) be the second derivative of -n**5/20 - n**4/12 - 4*n**2 - 186*n. Determine o(0).
-8
Let s(g) = 2*g - 7*g + 2*g + 2*g - 9330 + 9323. What is s(-3)?
-4
Let f(a) = -a**3 - 4*a**2 + a + 4. Let r(i) = -5*i**2 + 15*i - 4. Let z be r(3). What is f(z)?
0
Suppose 0 = 2*t + 3*t + 40. Let k = t - -11. Let g(f) = 0 + 3 - 6*f - k. Give g(1).
-6
Let y(i) = 6*i + 5. Let m be y(0). Let q(t) = -2*t. Let g be q(-1). Let o(d) = 3*d - d**g + 5*d**2 - 5*d**2 - 3 + d. Give o(m).
-8
Suppose 7*t - 108 = -5*t. Let p(b) = -b**3 + 11*b**2 - 18*b - 10. Determine p(t).
-10
Let q(g) = g**3 + 6*g**2 - 15*g + 4. Let h = -525 - -517. Calculate q(h).
-4
Let x be 1 + (2 + -1 - -2). Let o(t) = -2*t**2 + 6*t - 12*t + 5*t + 5. Let z(h) = -3*h**2 - 2*h + 6. Let y(l) = x*o(l) - 3*z(l). What is y(-2)?
2
Let k(r) = r - 9. Let u be k(-10). Let a = u - -23. Let v(c) = c + 2. Give v(a).
6
Suppose -2*k + 60 = 4*k. Let r(s) = s - 14. Let g(u) = 2*u - 27. Let a(x) = 6*g(x) - 11*r(x). What is a(k)?
2
Let v(b) = 11*b**2 - b**3 - 2*b**2 + 3 + 2*b**3. Let l(t) = -7*t - 16. Let x be l(-1). Give v(x).
3
Let f(m) = 1 - 3*m - 3*m - 5 - m**2. Let s be f(-5). Let b(x) = -2*x**2 + 18 - 8 + 61*x**3 - 67*x**3 - 7 - 2. Determine b(s).
-7
Let i(g) = g**3 + g**2 + g - 2. Let w = -100 - -169. Let r = -67 + w. Calculate i(r).
12
Let v(f) = f - 4. Let x = -12 + 12. Suppose 3*d + 2 - 5 = x. Suppose 2*u - 13 + d = 0. Give v(u).
2
Suppose 53 = 5*z - j, z + 4*j + 3 = 2*z. Let h(f) = 10*f - 6. Let b(n) = 2*n - 1. Let g(a) = z*b(a) - 2*h(a). Let q = 18 + -13. What is g(q)?
11
Let c(u) be the first derivative of -u**3/3 - 5*u**2/2 + 2*u + 34. Give c(-6).
-4
Let t be -2 - (0 - (0 + 0 - 4)). Let m(v) = v + 12. Calculate m(t).
6
Let b(y) = -5*y - 12. Let a(f) be the first derivative of -3*f**2 - 13*f - 17. Let z(r) = -6*a(r) + 7*b(r). Let i be (-3 - 0)*(-8)/6. Determine z(i).
-2
Let p(c) = -792 + 395 + 399 - 2*c**2 - 2*c. Give p(-2).
-2
Let y(p) be the second derivative of p**4/12 - p**3/3 + p**2 - 2*p. Suppose -1 = 14*l - 29. What is y(l)?
2
Let t(d) = d**2 - 6*d + 1. Let n(q) be the first derivative of 2*q**3/3 - 8*q**2 + 9*q - 10. Let p be n(7). Let z be (-2)/(-10) - 24/p. What is t(z)?
-4
Let y(r) = 2*r - 21. Let b be y(7). Let f(m) = m**3 + 7*m**2 + m - 7. Give f(b).
-14
Let w be 20/(-6)*(-24)/20. Let y(f) be the third derivative of 0*f - 2/3*f**3 + 6*f**2 + 0 - 1/120*f**6 - 1/6*f**w + 7/60*f**5. Calculate y(6).
8
Let d(i) = 10*i**2 - 10*i**2 - 4*i**3 + 7*i**2 - 6*i + 9 + 3*i**3 - 21. Determine d(6).
-12
Suppose 0 = -5*v + 2*v + 18. Let g(k) = 3*k**2 + k**3 + v - 858*k - 3 + 853*k. Give g(-4).
7
Let z(p) = -p. Let j(o) = -o**2 - 5*o - 4. Let r be j(-3). Let y(g) = 2*g**2 - 1. Let w(s) = r*z(s) + y(s). Determine w(2).
3
Let v be (-88)/(-14) - (-10)/(-35). Let q(y) = -y**2 + 2*y + 3 + 0*y - v*y + 0*y. Give q(2).
-9
Suppose 0*y = h - 5*y + 1, -2*h - 2*y = 2. Let j = 3 + h. Let d(u) = 0*u - 4 + j*u**2 - 7*u - u**2 - 2*u**2. Calculate d(-5).
6
Let q be (-32)/(-20) + -1 - 2/(-5). Let n(v) be the second derivative of -v**5/5 + v**4/12 - v**2/2 + v - 17. Give n(q).
-4
Let i(m) = 147*m + 5*m**3 - 4 - 154*m - 5*m**2 - 6*m**3. Determine i(-4).
8
Let v be (-65)/8 - 2/(-16). Let f be ((-19)/(-1))/((-8)/v). Let h(x) = -f*x**2 + 16*x**2 + 6*x - 4 - 4*x - x**3. Calculate h(-4).
4
Let o(g) = -6*g**2 + 3*g + 9. Let j(f) = -5*f**2 + 3*f + 8. Let s(t) = 7*j(t) - 6*o(t). Determine s(-4).
6
Let a(o) = -22*o**2 - 26*o - 1. Let c be a(-1). Let s(u) be the first derivative of u**3/3 + u**2/2 - 4*u - 2. Give s(c).
8
Let m(d) = -793 + 263 - d + 268 - 5*d**2 + 260. Give m(2).
-24
Let b(c) = -5*c**3 + 13*c**2 + 21*c + 11. Let z(v) = 3*v**3 - 9*v**2 - 14*v - 7. Let h(s) = 5*b(s) + 8*z(s). What is h(-5)?
-16
Let v(d) be the first derivative of -d**3/3 - 21*d**2/2 + 12*d - 42. Give v(-22).
-10
Let y be (2/4)/((-6)/132). Let x(d) = -579*d**3 - 4 + 10*d**2 + 580*d**3 - 2 - 11*d - 3. Calculate x(y).
-9
Let d(u) = -u**2 - u - 10. Suppose -l - 5 = 0, 8*q + 2*l + 10 = 3*q. Let b = 0 - q. Suppose 3*k + b*k = 0. Give d(k).
-10
Let k(u) be the third derivative of 0*u - 5*u**2 + 0 + u**3 - 1/8*u**4. Give k(5).
-9
Suppose 0 = 2*m + m + 45. Let b = 23 + m. Let u = b - 2. Let p(x) = 2*x - 5. Calculate p(u).
7
Let c(l) = l**3 + 2*l**2 - 1. Let r(y) = 5*y - 66. Let i be r(13). Give c(i).
0
Let a(h) be the first derivative of -1/2*h**2 - 43 - 6*h. Calculate a(-6).
0
Let r = -338 + 346. Let l(h) be the third derivative of 0 - 1